{"id":11844,"date":"2020-04-20T11:11:42","date_gmt":"2020-04-20T09:11:42","guid":{"rendered":"https:\/\/samiedu.fi\/\/tietosuoja\/"},"modified":"2026-03-06T12:56:16","modified_gmt":"2026-03-06T10:56:16","slug":"tietosuoja","status":"publish","type":"page","link":"https:\/\/samiedu.fi\/fi-s\/tietosuoja\/","title":{"rendered":"Tietosuoja"},"content":{"rendered":"\n<h1 class=\"wp-block-heading\">Tietosuoja ja henkil\u00f6tiedon k\u00e4sittely<\/h1>\n\n\n\n<p>Tietosuoja on yksil\u00f6n perusoikeus, joka turvaa henkil\u00f6n oikeuksien ja vapauksien toteutumisen henkil\u00f6tietojen k\u00e4sittelyss\u00e4. Henkil\u00f6tiedolla tarkoitetaan sellaisia tietoja, joiden perusteella henkil\u00f6 voidaan tunnistaa joko suorasti tai ep\u00e4suorasti. T\u00e4llaisia tietoja ovat esimerkiksi nimi, s\u00e4hk\u00f6postiosoite, puhelinnumero, paikannustiedot, henkil\u00f6tunnus, asiakastiedot ja tietokoneen IP-osoite.<\/p>\n\n\n\n<p>Tietosuojaa koskeva lains\u00e4\u00e4d\u00e4nt\u00f6 uudistui vuonna 2018, kun EU:n yleisen tietosuoja-asetuksen (679\/2016\/EU) soveltaminen astui voimaan. Asetuksen tavoitteena on lis\u00e4t\u00e4 henkil\u00f6tietojen k\u00e4sittelyn avoimuutta ja l\u00e4pin\u00e4kyvyytt\u00e4 sek\u00e4 vahvistaa rekister\u00f6ityjen oikeuksia valvoa henkil\u00f6tietojensa k\u00e4sittely\u00e4. Lis\u00e4ksi asetus yhten\u00e4ist\u00e4\u00e4 tietosuojas\u00e4\u00e4ntely\u00e4 EU:ssa. Vuoden 2019 alussa voimaan tullut kansallinen Tietosuojalaki (1050\/2018) t\u00e4ydent\u00e4\u00e4 ja t\u00e4sment\u00e4\u00e4 tietosuoja-asetuksen m\u00e4\u00e4r\u00e4yksi\u00e4.<\/p>\n\n\n\n<p><strong>Henkil\u00f6tiedon k\u00e4sittely Ammattiopisto Samiedussa<\/strong><\/p>\n\n\n\n<p>Kun olet opiskelijana Ammattiopisto Samiedussa tai asiakkaana sen palveluissa, ker\u00e4\u00e4 oppilaitos henkil\u00f6tietojasi eri rekistereihin k\u00e4ytt\u00f6tarkoituksen mukaan. Henkil\u00f6tietoja ker\u00e4t\u00e4\u00e4n vain siin\u00e4 m\u00e4\u00e4rin kuin se on tarpeellista asian hoitamiseksi.&nbsp;L\u00e4ht\u00f6kohtaisesti ammatillisessa koulutuksessa henkil\u00f6tiedon k\u00e4sittely perustuu lakis\u00e4\u00e4teiseen teht\u00e4v\u00e4\u00e4n. Joissakin tapauksissa henkil\u00f6tiedon k\u00e4sittely voi perustua my\u00f6s suostumukseen tai asiakaspalvelusopimukseen. Tietosuojaselosteiden avulla saat selville henkil\u00f6tiedon k\u00e4sittelyn tarkoituksen ja muut k\u00e4sittelyn kannalta t\u00e4rke\u00e4t asiat.<\/p>\n\n\n\n<p>Rekister\u00f6ityn\u00e4 Sinulla on oikeus tiet\u00e4\u00e4, mit\u00e4 henkil\u00f6tietoa Sinusta ker\u00e4t\u00e4\u00e4n ja miten sit\u00e4 k\u00e4sitell\u00e4\u00e4n (tarkastusoikeus). Tarvittaessa voit pyyt\u00e4\u00e4 my\u00f6s j\u00e4ljenn\u00f6ksi\u00e4 henkil\u00f6tiedoista. Henkil\u00f6tietoja koskeva pyynt\u00f6 ja vastaus ovat yleens\u00e4 maksuttomia. Pyynn\u00f6n yhteydess\u00e4 Sinun tulee todentaa henkil\u00f6llisyytesi. Saat tarvitsemasi tiedot kuukauden kuluessa. Jos tietoja ei pystyt\u00e4 perustellusta syyst\u00e4 toimittamaan t\u00e4ss\u00e4 ajassa, ilmoitamme Sinulle viiveest\u00e4. <\/p>\n\n\n\n<p>Jos tiedot ovat v\u00e4\u00e4rin, voit vaatia tiedon oikaisemista (oikeus tietojen oikaisemiseen). Jos tiedot on ker\u00e4tty suostumuksen perusteella, on Sinulla oikeus perua suostumuksesi milloin tahansa. Sen sijaan, jos k\u00e4sittelyn oikeus perustuu lains\u00e4\u00e4d\u00e4nt\u00f6\u00f6n, niin Sinulla ei ole oikeutta kielt\u00e4\u00e4 tiedon k\u00e4sittely\u00e4 tai vaatia tiedon poistoa. Jos olet tyytym\u00e4t\u00f6n henkil\u00f6tietojesi k\u00e4sittelyyn, sinulla on oikeus valittaa asiasta&nbsp;<a rel=\"noreferrer noopener\" href=\"https:\/\/tietosuoja.fi\/ilmoitus-tietosuojavaltuutetulle\" target=\"_blank\">valvovalle viranomaiselle<\/a>.<\/p>\n\n\n\n<p>It\u00e4-Savon koulutuskuntayhtym\u00e4n henkil\u00f6st\u00f6 noudattaa henkil\u00f6tietojen k\u00e4sittelyss\u00e4 ja arkistoinnissa hyv\u00e4\u00e4 tietojenk\u00e4sittelytapaa, tietosuoja- ja erityislains\u00e4\u00e4d\u00e4nt\u00f6\u00e4 sek\u00e4 It\u00e4-Savon koulutuskuntayhtym\u00e4n omia tietosuoja- ja tietoturvaohjeita. Lis\u00e4ksi henkil\u00f6st\u00f6 toteuttaa tietosuojakoulutuksen s\u00e4\u00e4nn\u00f6llisesti. Henkil\u00f6tiedon k\u00e4sittely\u00e4 rajataan k\u00e4ytt\u00f6oikeuksin ja niit\u00e4 saavat k\u00e4sitell\u00e4 vain henkil\u00f6t, joilla on ty\u00f6teht\u00e4vien tai asiakassuhteen mukanaan tuomat oikeudet henkil\u00f6tiedon k\u00e4sittelyyn. Henkil\u00f6tiedon k\u00e4sittely\u00e4 valvotaan ja j\u00e4rjestelmien k\u00e4ytt\u00f6\u00e4 seurataan. <\/p>\n\n\n\n<p>Tietosuojalains\u00e4\u00e4d\u00e4nn\u00f6st\u00e4 voit lukea lis\u00e4tietoa oheisista linkeist\u00e4:<\/p>\n\n\n\n<p><a href=\"http:\/\/www.privacy-regulation.eu\/fi\/\">EU:n yleinen tietosuoja-asetus (679\/2018\/EU)<\/a><br><a href=\"https:\/\/www.finlex.fi\/fi\/laki\/alkup\/2018\/20181050\">Tietosuojalaki (1050\/2018)<\/a><\/p>\n\n\n\n<p>Lis\u00e4tietoa saat my\u00f6s Tietosuojavaltuutetun toimiston sivuilta:<br><a href=\"https:\/\/tietosuoja.fi\/etusivu\">tietosuoja.fi<\/a> <\/p>\n\n\n\n<h2 class=\"wp-block-heading\">Tietosuojaselosteet<\/h2>\n\n\n\n<p>Henkil\u00f6tietoja sis\u00e4lt\u00e4vist\u00e4 rekisterist\u00e4 on tehty k\u00e4ytt\u00f6tarkoitusten perusteella tietosuojaselosteet, joiden tarkoituksena on informoida opiskelijoita\/asiakkaita henkil\u00f6tiedon k\u00e4sittelyst\u00e4. <\/p>\n\n\n\n<p>Tarkempia tietoja henkil\u00f6tiedon k\u00e4sittelyst\u00e4 ja tarkastusoikeusmenettelyst\u00e4 saat kyseisen rekisterin vastuu-\/yhteyshenkil\u00f6lt\u00e4 ja tietosuojavastaavalta.<\/p>\n","protected":false},"excerpt":{"rendered":"<p>Tietosuoja ja henkil\u00f6tiedon k\u00e4sittely Tietosuoja on yksil\u00f6n perusoikeus, joka turvaa henkil\u00f6n oikeuksien ja vapauksien toteutumisen henkil\u00f6tietojen k\u00e4sittelyss\u00e4. Henkil\u00f6tiedolla tarkoitetaan sellaisia tietoja, joiden perusteella henkil\u00f6 voidaan tunnistaa joko suorasti tai ep\u00e4suorasti. T\u00e4llaisia tietoja ovat esimerkiksi nimi, s\u00e4hk\u00f6postiosoite, puhelinnumero, paikannustiedot, henkil\u00f6tunnus, asiakastiedot ja tietokoneen IP-osoite. Tietosuojaa koskeva lains\u00e4\u00e4d\u00e4nt\u00f6 uudistui vuonna 2018, kun EU:n yleisen tietosuoja-asetuksen (679\/2016\/EU) soveltaminen [&hellip;]<\/p>\n","protected":false},"author":1,"featured_media":0,"parent":0,"menu_order":0,"comment_status":"closed","ping_status":"closed","template":"subpage-template.php","meta":{"_acf_changed":false,"footnotes":""},"class_list":["post-11844","page","type-page","status-publish","hentry"],"acf":[],"yoast_head":"<!-- This site is optimized with the Yoast SEO plugin v27.4 - https:\/\/yoast.com\/product\/yoast-seo-wordpress\/ -->\n<title>Tietosuoja - Samiedu<\/title>\n<meta name=\"robots\" content=\"index, follow, max-snippet:-1, max-image-preview:large, max-video-preview:-1\" \/>\n<link rel=\"canonical\" href=\"https:\/\/samiedu.fi\/fi-s\/tietosuoja\/\" \/>\n<meta property=\"og:locale\" content=\"fi_FI\" \/>\n<meta property=\"og:type\" content=\"article\" \/>\n<meta property=\"og:title\" content=\"Tietosuoja - Samiedu\" \/>\n<meta property=\"og:description\" content=\"Tietosuoja ja henkil\u00f6tiedon k\u00e4sittely Tietosuoja on yksil\u00f6n perusoikeus, joka turvaa henkil\u00f6n oikeuksien ja vapauksien toteutumisen henkil\u00f6tietojen k\u00e4sittelyss\u00e4. Henkil\u00f6tiedolla tarkoitetaan sellaisia tietoja, joiden perusteella henkil\u00f6 voidaan tunnistaa joko suorasti tai ep\u00e4suorasti. T\u00e4llaisia tietoja ovat esimerkiksi nimi, s\u00e4hk\u00f6postiosoite, puhelinnumero, paikannustiedot, henkil\u00f6tunnus, asiakastiedot ja tietokoneen IP-osoite. Tietosuojaa koskeva lains\u00e4\u00e4d\u00e4nt\u00f6 uudistui vuonna 2018, kun EU:n yleisen tietosuoja-asetuksen (679\/2016\/EU) soveltaminen [&hellip;]\" \/>\n<meta property=\"og:url\" content=\"https:\/\/samiedu.fi\/fi-s\/tietosuoja\/\" \/>\n<meta property=\"og:site_name\" content=\"Samiedu\" \/>\n<meta property=\"article:publisher\" content=\"https:\/\/www.facebook.com\/samiedu\" \/>\n<meta property=\"article:modified_time\" content=\"2026-03-06T10:56:16+00:00\" \/>\n<meta property=\"og:image\" content=\"https:\/\/samiedu.fi\/wp-content\/uploads\/2020\/10\/dsc4044-edit-2_nelio.jpg\" \/>\n<meta name=\"twitter:card\" content=\"summary_large_image\" \/>\n<meta name=\"twitter:label1\" content=\"Est. reading time\" \/>\n\t<meta name=\"twitter:data1\" content=\"3 minutes\" \/>\n<script type=\"application\/ld+json\" class=\"yoast-schema-graph\">{\"@context\":\"https:\\\/\\\/schema.org\",\"@graph\":[{\"@type\":\"WebPage\",\"@id\":\"https:\\\/\\\/samiedu.fi\\\/fi-s\\\/tietosuoja\\\/\",\"url\":\"https:\\\/\\\/samiedu.fi\\\/fi-s\\\/tietosuoja\\\/\",\"name\":\"Tietosuoja - Samiedu\",\"isPartOf\":{\"@id\":\"https:\\\/\\\/samiedu.fi\\\/fi-s\\\/#website\"},\"datePublished\":\"2020-04-20T09:11:42+00:00\",\"dateModified\":\"2026-03-06T10:56:16+00:00\",\"breadcrumb\":{\"@id\":\"https:\\\/\\\/samiedu.fi\\\/fi-s\\\/tietosuoja\\\/#breadcrumb\"},\"inLanguage\":\"fi-selko\",\"potentialAction\":[{\"@type\":\"ReadAction\",\"target\":[\"https:\\\/\\\/samiedu.fi\\\/fi-s\\\/tietosuoja\\\/\"]}]},{\"@type\":\"BreadcrumbList\",\"@id\":\"https:\\\/\\\/samiedu.fi\\\/fi-s\\\/tietosuoja\\\/#breadcrumb\",\"itemListElement\":[{\"@type\":\"ListItem\",\"position\":1,\"name\":\"Etusivu\",\"item\":\"https:\\\/\\\/samiedu.fi\\\/fi-s\\\/\"},{\"@type\":\"ListItem\",\"position\":2,\"name\":\"Tietosuoja\"}]},{\"@type\":\"WebSite\",\"@id\":\"https:\\\/\\\/samiedu.fi\\\/fi-s\\\/#website\",\"url\":\"https:\\\/\\\/samiedu.fi\\\/fi-s\\\/\",\"name\":\"Samiedu\",\"description\":\"Ammattiopisto Samiedu\",\"publisher\":{\"@id\":\"https:\\\/\\\/samiedu.fi\\\/fi-s\\\/#organization\"},\"potentialAction\":[{\"@type\":\"SearchAction\",\"target\":{\"@type\":\"EntryPoint\",\"urlTemplate\":\"https:\\\/\\\/samiedu.fi\\\/fi-s\\\/?s={search_term_string}\"},\"query-input\":{\"@type\":\"PropertyValueSpecification\",\"valueRequired\":true,\"valueName\":\"search_term_string\"}}],\"inLanguage\":\"fi-selko\"},{\"@type\":\"Organization\",\"@id\":\"https:\\\/\\\/samiedu.fi\\\/fi-s\\\/#organization\",\"name\":\"Ammattiopisto Samiedu\",\"url\":\"https:\\\/\\\/samiedu.fi\\\/fi-s\\\/\",\"logo\":{\"@type\":\"ImageObject\",\"inLanguage\":\"fi-selko\",\"@id\":\"https:\\\/\\\/samiedu.fi\\\/fi-s\\\/#\\\/schema\\\/logo\\\/image\\\/\",\"url\":\"\",\"contentUrl\":\"\",\"caption\":\"Ammattiopisto Samiedu\"},\"image\":{\"@id\":\"https:\\\/\\\/samiedu.fi\\\/fi-s\\\/#\\\/schema\\\/logo\\\/image\\\/\"},\"sameAs\":[\"https:\\\/\\\/www.facebook.com\\\/samiedu\"]}]}<\/script>\n<!-- \/ Yoast SEO plugin. -->","yoast_head_json":{"title":"Tietosuoja - Samiedu","robots":{"index":"index","follow":"follow","max-snippet":"max-snippet:-1","max-image-preview":"max-image-preview:large","max-video-preview":"max-video-preview:-1"},"canonical":"https:\/\/samiedu.fi\/fi-s\/tietosuoja\/","og_locale":"fi_FI","og_type":"article","og_title":"Tietosuoja - Samiedu","og_description":"Tietosuoja ja henkil\u00f6tiedon k\u00e4sittely Tietosuoja on yksil\u00f6n perusoikeus, joka turvaa henkil\u00f6n oikeuksien ja vapauksien toteutumisen henkil\u00f6tietojen k\u00e4sittelyss\u00e4. Henkil\u00f6tiedolla tarkoitetaan sellaisia tietoja, joiden perusteella henkil\u00f6 voidaan tunnistaa joko suorasti tai ep\u00e4suorasti. T\u00e4llaisia tietoja ovat esimerkiksi nimi, s\u00e4hk\u00f6postiosoite, puhelinnumero, paikannustiedot, henkil\u00f6tunnus, asiakastiedot ja tietokoneen IP-osoite. Tietosuojaa koskeva lains\u00e4\u00e4d\u00e4nt\u00f6 uudistui vuonna 2018, kun EU:n yleisen tietosuoja-asetuksen (679\/2016\/EU) soveltaminen [&hellip;]","og_url":"https:\/\/samiedu.fi\/fi-s\/tietosuoja\/","og_site_name":"Samiedu","article_publisher":"https:\/\/www.facebook.com\/samiedu","article_modified_time":"2026-03-06T10:56:16+00:00","og_image":[{"url":"https:\/\/samiedu.fi\/wp-content\/uploads\/2020\/10\/dsc4044-edit-2_nelio.jpg","type":"","width":"","height":""}],"twitter_card":"summary_large_image","twitter_misc":{"Est. reading time":"3 minutes"},"schema":{"@context":"https:\/\/schema.org","@graph":[{"@type":"WebPage","@id":"https:\/\/samiedu.fi\/fi-s\/tietosuoja\/","url":"https:\/\/samiedu.fi\/fi-s\/tietosuoja\/","name":"Tietosuoja - Samiedu","isPartOf":{"@id":"https:\/\/samiedu.fi\/fi-s\/#website"},"datePublished":"2020-04-20T09:11:42+00:00","dateModified":"2026-03-06T10:56:16+00:00","breadcrumb":{"@id":"https:\/\/samiedu.fi\/fi-s\/tietosuoja\/#breadcrumb"},"inLanguage":"fi-selko","potentialAction":[{"@type":"ReadAction","target":["https:\/\/samiedu.fi\/fi-s\/tietosuoja\/"]}]},{"@type":"BreadcrumbList","@id":"https:\/\/samiedu.fi\/fi-s\/tietosuoja\/#breadcrumb","itemListElement":[{"@type":"ListItem","position":1,"name":"Etusivu","item":"https:\/\/samiedu.fi\/fi-s\/"},{"@type":"ListItem","position":2,"name":"Tietosuoja"}]},{"@type":"WebSite","@id":"https:\/\/samiedu.fi\/fi-s\/#website","url":"https:\/\/samiedu.fi\/fi-s\/","name":"Samiedu","description":"Ammattiopisto Samiedu","publisher":{"@id":"https:\/\/samiedu.fi\/fi-s\/#organization"},"potentialAction":[{"@type":"SearchAction","target":{"@type":"EntryPoint","urlTemplate":"https:\/\/samiedu.fi\/fi-s\/?s={search_term_string}"},"query-input":{"@type":"PropertyValueSpecification","valueRequired":true,"valueName":"search_term_string"}}],"inLanguage":"fi-selko"},{"@type":"Organization","@id":"https:\/\/samiedu.fi\/fi-s\/#organization","name":"Ammattiopisto Samiedu","url":"https:\/\/samiedu.fi\/fi-s\/","logo":{"@type":"ImageObject","inLanguage":"fi-selko","@id":"https:\/\/samiedu.fi\/fi-s\/#\/schema\/logo\/image\/","url":"","contentUrl":"","caption":"Ammattiopisto Samiedu"},"image":{"@id":"https:\/\/samiedu.fi\/fi-s\/#\/schema\/logo\/image\/"},"sameAs":["https:\/\/www.facebook.com\/samiedu"]}]}},"_links":{"self":[{"href":"https:\/\/samiedu.fi\/fi-s\/wp-json\/wp\/v2\/pages\/11844","targetHints":{"allow":["GET"]}}],"collection":[{"href":"https:\/\/samiedu.fi\/fi-s\/wp-json\/wp\/v2\/pages"}],"about":[{"href":"https:\/\/samiedu.fi\/fi-s\/wp-json\/wp\/v2\/types\/page"}],"author":[{"embeddable":true,"href":"https:\/\/samiedu.fi\/fi-s\/wp-json\/wp\/v2\/users\/1"}],"replies":[{"embeddable":true,"href":"https:\/\/samiedu.fi\/fi-s\/wp-json\/wp\/v2\/comments?post=11844"}],"version-history":[{"count":19,"href":"https:\/\/samiedu.fi\/fi-s\/wp-json\/wp\/v2\/pages\/11844\/revisions"}],"predecessor-version":[{"id":42444,"href":"https:\/\/samiedu.fi\/fi-s\/wp-json\/wp\/v2\/pages\/11844\/revisions\/42444"}],"wp:attachment":[{"href":"https:\/\/samiedu.fi\/fi-s\/wp-json\/wp\/v2\/media?parent=11844"}],"curies":[{"name":"wp","href":"https:\/\/api.w.org\/{rel}","templated":true}]}}